 73 is divided by 24.
21
Let s(o) = 7*o**2 + 2*o - 4. Let n be s(1). Suppose 0 = 4*h + 2*l - 63 + 11, 0 = 2*h - n*l - 50. What is the remainder when 3/(-9) + 82/3 is divided by h?
12
Let u = -47 + 87. Suppose -317 = -22*x + 57. Suppose 769 = x*r - 557. What is the remainder when r is divided by u?
38
Let x = -72 + 220. Let p = x - 53. What is the remainder when 379 is divided by p?
94
Let s(g) = g**3 - 40*g**2 + 30*g - 502. Calculate the remainder when 2094 is divided by s(40).
0
Suppose 42*x - 54*x = -120. Let v be ((-6)/4)/(2/(-16)). Let p = v - x. What is the remainder when 12 is divided by p?
0
Suppose -4*g - 20 = 0, -2*g - 3*g - 1709 = -4*o. Let l = o - 392. What is the remainder when l is divided by 6?
5
Suppose 3*u - 11 = 2*u. Let s be ((35/(-2))/(-7)*2)/1. Suppose -s*k - 160 = -9*k. What is the remainder when k is divided by u?
7
Suppose 0 = 158*n - 77*n - 28406 - 25945. What is the remainder when n is divided by 16?
15
Suppose -13*r + 12*r + 16 = 3*n, -8 = -4*n + 2*r. Suppose -4*x + p = -303, n*x - 4*p = 5*x - 80. What is the remainder when x is divided by 11?
10
Let m(x) = x + 57. Let f be m(0). Suppose 0*y - f = -3*y. Suppose 0 = 7*c - 40 - 177. What is the remainder when c is divided by y?
12
Suppose -5*y - 2*n + 97 + 151 = 0, -4*y = 10*n - 148. Suppose 0 = -4*w + c - 2, c + 4 = 2*w - 2*c. Calculate the remainder when y is divided by 28*(w - (-3)/2).
10
Suppose 0 = 3*k - 4602 + 4392. What is the remainder when (-85*(-24)/k)/((-2)/(-14)) is divided by 41?
40
Suppose 5*r - 24 = g - 4*g, 5*r + 2*g = 26. Suppose -4*h = -y - 17, -4*y + r*y + 19 = 3*h. What is the remainder when 264/h*2*3/12 is divided by 27?
17
Suppose 88*l = 78*l + 4600. Suppose 0 = 4*j + 436 - l. Calculate the remainder when 208 is divided by j.
4
Let b(v) = -299*v - 2951. What is the remainder when b(-12) is divided by 80?
77
Let c = -1591 + 1835. What is the remainder when 498 is divided by c?
10
Suppose 0 = 498*x - 443*x - 11165. Suppose 8 = -3*o + 7*o. Suppose o*n - n - 4*v - 18 = 0, 5*v + 150 = 5*n. What is the remainder when x is divided by n?
33
Let o be 16/(-6)*21/14. What is the remainder when -2*(2 - 0) + 100/2 is divided by (4/14)/(o/(-140))?
6
Let f(t) = 12*t + 1. Let c be f(1). Suppose 0 = -5*o + 3*o + 3*z - 27, -3 = -3*z. What is the remainder when (-1 - o)/(13/c) is divided by 5?
1
Suppose 2*t - k + 10 = 0, -t - 3*k - 20 = -1. Calculate the remainder when 120 is divided by (t + -16)/((-4)/20).
5
Suppose 0 = -n - 5*c - 4 - 2, -5*n + 4*c + 28 = 0. Suppose -5*u = -2*z + 31, u - 106 = -5*z + n*u. What is the remainder when z is divided by 13?
10
Let j(w) = -w**3 + 4*w**2 + 31*w - 8. Let y be j(-4). Let t = 31 + -8. What is the remainder when t is divided by (-1)/((-1)/25*(-10)/y)?
3
Suppose 0 = -2*p, -p = o - 2*o + 21. Let u = 88178 + -88170. What is the remainder when o is divided by u?
5
Let j(z) = z**3 - 9*z**2 - 6*z - 14. Suppose 42 = -13*o - 8*o. Calculate the remainder when 1740/30*(-2 - 7/o) is divided by j(10).
9
Let u be 2 - 3 - -3 - 0. Let l be 16/20 + u/10. Calculate the remainder when 23 is divided by (l/(-3))/((-2)/24).
3
Suppose -97*g - 105 = -64*g - 369. Calculate the remainder when 81 is divided by g.
1
Let n(t) = 35*t + 1006. What is the remainder when n(-28) is divided by 15?
11
Suppose -3872 = 21*t - 53*t - 210*t. Calculate the remainder when 1068 is divided by t.
12
Let r(w) = -7*w**2 + 185*w - 42. Calculate the remainder when 382 is divided by r(26).
22
Let j(o) = 63*o + 1400. Calculate the remainder when j(-4) is divided by 33.
26
Suppose -5*z + 18 = 4*z. Let i(l) = -6*l - l**z + 4*l + 12 - l - 3*l. What is the remainder when 31 is divided by i(-6)?
7
Let q(f) = -f**2 - 16*f - 6. Let o = 79 + -72. Calculate the remainder when (3325/10)/o*2 is divided by q(-13).
29
Calculate the remainder when 1476 is divided by (-39)/65*-85 + -11.
36
Suppose -f + t - 61 = 0, -3*f + 5*t - 116 = -f. Let g = -45 - f. Suppose 0 = 7*o + 141 - 169. Calculate the remainder when g is divided by o.
2
What is the remainder when 980 is divided by (-4148)/(-2135) + (-2)/(-35)?
0
Calculate the remainder when (60/36)/(1 - (-15)/(-18)) is divided by (76/28 - 2) + 6/21.
0
Suppose 0 = -11*c + 3142 + 2754. What is the remainder when 115 is divided by c/14 + (-2)/7 + 1?
37
Let g(q) = 8*q**2 - 39*q - 9. What is the remainder when 1118 is divided by g(6)?
38
What is the remainder when -20 + (-11 - -12)*415 is divided by 40?
35
Calculate the remainder when 598 is divided by ((-16)/(-20))/(((-16)/(-250))/4 - 0).
48
Let f = -122 + 240. Suppose n + 5*l - f = 0, -47 = -n - l + 67. Calculate the remainder when n is divided by 24.
17
What is the remainder when 2532 is divided by (-12906)/(-198) + (-12)/66?
62
Suppose 1513 = 138*z - 695. Suppose 5*y - 144 = -i, -4*y + 97 = -3*i - 22. Calculate the remainder when y is divided by z.
13
Let o = 27 + -11. Suppose -81*p = -7137 - 1692. Calculate the remainder when p is divided by o.
13
Let y = -11 + 15. Let z = -998 + 1070. What is the remainder when z is divided by y?
0
Suppose -74*x = -64*x - 490. What is the remainder when 164 is divided by x?
17
Let h = -201 - -406. Calculate the remainder when h is divided by (35 - (-3978)/(-130))*(-5)/((-2)/(-4)*-4).
7
Let v(r) = -35*r**2 - 536*r - 81. What is the remainder when 764 is divided by v(-15)?
8
Suppose 2*g + 216 + 829 = 5*i, -601 = -3*i - 4*g. Suppose 11*l - 14*l + i = 0. What is the remainder when 135 is divided by l?
66
Let k(o) = 3*o**3 + 1 + 15*o**2 - 9*o + 0*o**3 - 2*o**3 - 2*o**3. Suppose 7*q = 174 - 76. Calculate the remainder when k(q) is divided by 20.
11
Suppose -1443 + 4616 = 32*p - 5819. What is the remainder when p is divided by 39?
8
Suppose -13*r - 288 = -10*r. Calculate the remainder when 191 is divided by (5/(15/2))/((-2)/r).
31
Let l(v) = -v**3 + 25*v**2 + 61*v - 1011. What is the remainder when l(15) is divided by 132?
42
Let i = 13844 - 13197. What is the remainder when i is divided by 246?
155
Let z = 41019 - 40945. Calculate the remainder when 80 is divided by z.
6
Suppose 3*s = -0*w + 5*w + 716, -3*w - 951 = -4*s. Suppose 1287 = -t + 2*d + 1313, -5*d = 5*t - 85. Calculate the remainder when s is divided by t.
17
Let p = 145 + -163. Suppose 0 = -5*k + l + 107, 0*k + k - 5*l = 7. Calculate the remainder when (6 + (-402)/p)*3 is divided by k.
19
Let t(v) be the third derivative of v**5/30 - v**4/24 + v**3/3 - 5*v**2. Calculate the remainder when t(-5) is divided by (1 + (-4 - 0))/((-2)/10).
12
Suppose -5*m - 40 = 1635. Let t = -289 - m. What is the remainder when 136 is divided by t?
44
What is the remainder when (2 - -1)/6*(14402/(-1))/(-19) is divided by 46?
11
Suppose 5*c + 4*k = 10323, 4*c + 1006 = 5*k + 9289. Suppose -14*x = -23487 + c. Suppose 9*q - x = -q. Calculate the remainder when q is divided by 31.
29
Let s = 26 + -22. Suppose -204 = -s*a + 3*k, 3*k - 40 - 44 = -2*a. What is the remainder when 237 is divided by a?
45
Suppose 48 + 47 = y. Let g(a) = -19*a + 115. Let d be g(6). Calculate the remainder when y is divided by 13 + d + (47 - 49).
11
Let d(t) = 20*t - 32. What is the remainder when d(11) is divided by 243/5 + 153/(-255)?
44
Let k be (-1 + 4)*1140/90. Suppose 3*m + m + k = 2*i, -5*m = -2*i + 38. Let x(s) = 75*s. Calculate the remainder when x(1) is divided by i.
18
Suppose -3220 = -156*a + 64*a. Calculate the remainder when 101 is divided by a.
31
Let h(q) = 17*q**3 + 5*q**2 + 6*q - 1. Let p(s) = -18*s**3 - 6*s**2 - 7*s + 2. Let b(g) = -5*h(g) - 4*p(g). What is the remainder when b(-2) is divided by 52?
49
Let w(k) = 190 + 4*k - 4*k**2 + 9*k**2 + 7*k. Calculate the remainder when w(-11) is divided by 75.
74
What is the remainder when 5541 is divided by 19 - (52/(-13) - (1 + (-2 - -3)))?
16
Let a(q) = q**3 + 4*q**2 - 6*q - 20. Let o be a(-7). Let s = o + 130. Calculate the remainder when 253 is divided by (-195)/(-12) - s/20.
13
What is the remainder when (4/(-16)*-4)/(81/109917) - -8 is divided by 125?
115
Let b(p) = 397*p**2 + 2696*p - 8. What is the remainder when b(-7) is divided by 34?
29
Let w = 15929 + -15759. What is the remainder when 264 is divided by w?
94
Let b = 8554 - 8387. What is the remainder when b is divided by 78?
11
Suppose 0 = 5*i - 158 - 122. Suppose 9*t - 14*t = 5*c + 190, 0 = -2*t + c - 82. Let f = i + t. What is th